 factors of l?
2, 5, 23
Suppose -6 = -2*r, -r = -5*n + 4 + 8. Suppose 3*q = 5*s - 11, -5*q + n*s - 2*s = 11. Let x = q - -23. What are the prime factors of x?
3, 7
Let k be 1 + -18*(-15)/6. Suppose k - 10 = -2*x. Let n = x - -28. What are the prime factors of n?
2, 5
Let z be (-21 + -9)*(-1)/2. Suppose -70 = -5*u + z. What are the prime factors of u?
17
Let i = 17 - 9. Let g = -5 + i. List the prime factors of g.
3
Let y(h) = -4*h**3 + 9*h**2 - 7*h - 4. Let i(q) = -3*q**3 + 8*q**2 - 7*q - 4. Let p(x) = 5*i(x) - 4*y(x). Let w = 7 + -12. List the prime factors of p(w).
2, 3
Let g = 60 - 35. List the prime factors of (-9)/15 + 590/g.
23
Let t(i) = -143*i + 3. What are the prime factors of t(-1)?
2, 73
Let r(y) = 119*y + 13. List the prime factors of r(2).
251
Let n be (-588)/(-63) - (-2)/(-6). Suppose n*q = 4*q + 215. List the prime factors of q.
43
Let g(q) = -5*q - 21. Let r(y) = 11*y + 43. Let j(n) = -13*g(n) - 6*r(n). What are the prime factors of j(0)?
3, 5
Let n(w) = -w**3 + 5*w**2 + 5*w + 4. Let i be n(6). Let j be (6/9)/(i/(-72)). Suppose 5*x - 4*x = 4, -4*v = 3*x - j. List the prime factors of v.
3
Suppose 0 = 4*a + r - 263, 4*a + 145 - 405 = -4*r. List the prime factors of a.
2, 3, 11
Let c(w) = -w**3 + 10*w**2 + 2*w - 13. Let b be c(10). Let g(s) = -s**3 + 6*s**2 + 7*s + 3. What are the prime factors of g(b)?
3
Let v(q) = q**3 + 3*q**2 - q - 2. Suppose a + 0*a - 5*l + 18 = 0, -20 = -5*l. What are the prime factors of v(a)?
2
Suppose -10 = g + 2. Let z be (4/(-3))/(4/g). Let d(y) = 3*y - 3. List the prime factors of d(z).
3
Let v be 10/3 + (-3)/9. Suppose 2*c = -c - v. Let l = 3 + c. What are the prime factors of l?
2
Let i be ((-14)/6)/((-1)/6). Let v = i + -7. What are the prime factors of v?
7
Let o(d) = -d**3 - d**2 + 4*d - 4. Let u be o(3). Let w = -13 - u. What are the prime factors of w?
3, 5
Let o(m) = m**3 + 6*m**2 + m + 4. Let z be o(-6). Let n(g) = -3*g**3 - 3*g**2 - g + 2. Let r be n(z). Suppose 2*b = -2*b + r. What are the prime factors of b?
2
Suppose 0 = -5*t - 0*t + 85. What are the prime factors of t?
17
Let q = -273 + 492. What are the prime factors of q?
3, 73
Let x = 26 - 21. List the prime factors of x.
5
Let w(c) = c**3 + 7*c**2 - c - 2. Let o be w(-7). Let d(y) = y**2. Let n be d(0). Let t = o + n. List the prime factors of t.
5
Let v = -76 - -160. List the prime factors of v.
2, 3, 7
Let p = 127 + -72. What are the prime factors of p?
5, 11
Let s(c) = 3*c**3 + 3*c**2 - 1. Let u be s(2). Suppose 2*x - u = -o - x, -4*o - 5*x + 140 = 0. List the prime factors of (-122)/(-14) + 10/o.
3
Let g(j) = j**3 - 7*j**2 - j + 5. Let s be g(7). What are the prime factors of (s - -3)*-1 + 11?
2, 5
Suppose 0 = -6*b + b + 50. List the prime factors of 4/10 + 116/b.
2, 3
Suppose 31 = -5*t + 371. List the prime factors of t.
2, 17
List the prime factors of 95/4 + 12/48.
2, 3
Let i = 4 + -20. Let w = i - -27. Suppose w + 29 = 5*p. List the prime factors of p.
2
Suppose 0 = 12*d - 2*d - 1730. What are the prime factors of d?
173
Suppose -3*s = i + 7, 2*s + 8 = -4*i - 0*s. Let j be (-3)/(-6)*i*-24. Suppose -n + j - 3 = 0. What are the prime factors of n?
3
Let g(r) = r**2 + 2*r - 3. Let t be g(-3). What are the prime factors of (-3 - -5 - t) + 36?
2, 19
Let s = -8 + 12. Suppose s*n - 46 = 2*n. What are the prime factors of n?
23
Suppose -c + 290 = 11. What are the prime factors of c?
3, 31
Let r(z) = -z**2 - 6*z - 5. Let g be r(-4). Let i = g - 3. Suppose -13 = -5*y - c, 2*c = -2*y + 2 - i. What are the prime factors of y?
3
List the prime factors of 1/(((-6)/(-180))/((-26)/(-4))).
3, 5, 13
Suppose 2*i - u = -i + 4, 0 = -5*i + 2*u + 7. List the prime factors of (3/9)/(i/87).
29
Let n = 72 + -67. What are the prime factors of n?
5
Suppose 0 = -4*o - o. Let p = o - 0. What are the prime factors of 2 + (1 + 0 - p)?
3
Suppose i - 3 + 0 = -3*c, -c - 10 = 4*i. Suppose -3*j = -3*n - 27, n - 18 = -c*j - 4*n. What are the prime factors of j?
3
Let r = 27 + -15. What are the prime factors of r?
2, 3
Let w(f) = f**2 - 10*f - 11. Let r be w(11). Suppose 2*s - s - 14 = r. What are the prime factors of s?
2, 7
Suppose 3*l = -3 + 9. What are the prime factors of l?
2
Suppose v + 25 = -4*v, -3*u + 29 = -v. Suppose -2*o = 4*g - 0*o - u, -o + 2 = g. Suppose g*x - 20 = 10. What are the prime factors of x?
3, 5
Suppose -3*v = 5*z - 109, -2*z + 31 = 2*v - 43. What are the prime factors of v?
2, 19
Suppose 2*q = -n + 45, 2*q - 2*n = 21 + 15. List the prime factors of q.
3, 7
Suppose 5*f - 276 - 154 = 0. Let a = -56 + f. Suppose 3*y - a = 6. What are the prime factors of y?
2, 3
Suppose 7*r = 2*r + 2*j + 295, 4*j + 248 = 4*r. List the prime factors of r.
3, 19
Let v be (-4)/22 + 384/(-66). Let w(x) = -5*x - 3. What are the prime factors of w(v)?
3
Suppose 0*i = -3*i + 210. Suppose 2 = -4*v + i. List the prime factors of v.
17
Suppose 15 - 69 = 2*k. Let y = 243 - 171. List the prime factors of (0 + -6)/(k/y).
2
Let o(w) = -4*w**3 + w. Let j be o(1). Let a be 3/j + -1 + 3. Let l(d) = 6*d + 1. What are the prime factors of l(a)?
7
Let u be (-4 + 3)*9/3. What are the prime factors of (8/(-1))/(1 + u)?
2
Suppose 4*d - 61 = 11. Let q be (-76)/d + 6/27. List the prime factors of 10*1/q*-2.
5
Let p = 2 - 5. List the prime factors of -7 - -4 - 5*p.
2, 3
Suppose 5*l - l - 172 = 0. What are the prime factors of l?
43
Let c be (-14)/3*3/(-1). Suppose -4*b = -s - 9*b + c, 0 = -3*b. What are the prime factors of s?
2, 7
Let l(v) = 8*v**3 + 6*v**2 - 6*v - 10. List the prime factors of l(3).
2, 11
Suppose 2*i + 0*s = 3*s + 156, -272 = -3*i - 5*s. Let c = -52 + i. List the prime factors of c.
2
Suppose -x + 103 - 28 = 0. Let j = -51 + x. List the prime factors of j.
2, 3
Let z(f) = 3*f + 2. What are the prime factors of z(1)?
5
Suppose 4*z - 153 = z. List the prime factors of z.
3, 17
Let k(u) = -u**2 - 5*u - 4. Let n be k(-3). Suppose -n = -q + 3*w + 4, -q = -w - 6. Suppose -l + q = -3. What are the prime factors of l?
3
Let n(x) = -2*x**3 - 3*x**2 + x + 2. Let p be n(-2). Let a be (-5)/((-30)/p)*18. Let h = 30 - a. What are the prime factors of h?
2, 3
Let k(u) = -4*u + 67. Let q(h) = -h + 17. Let b(m) = -2*k(m) + 9*q(m). Let v be b(8). Let x = -3 + v. What are the prime factors of x?
2
Suppose 0*o = -3*o + 5*p + 673, 447 = 2*o - 5*p. What are the prime factors of o?
2, 113
Let t(k) = k**2 + 6*k - 4. Let p(g) = g**3 + 9*g**2 + 8*g - 7. Let j be p(-8). Let w be t(j). What are the prime factors of ((-2)/w)/(2/(-6))?
2
Let u be 5/(-3)*(-2 + 5). Let n = 10 + u. Suppose -n*a + 12 = -a. List the prime factors of a.
3
Suppose 0 = -3*y - 0*v + 2*v + 4, -5*v = 3*y - 11. Let g = 1 + y. Suppose 2*n - 50 = -5*i - 2*n, 0 = 2*i - 3*n + g. List the prime factors of i.
2, 3
Suppose 2*b = -2*i - 14, 5*i - 3*b + b = -56. What are the prime factors of (-12)/(-5)*i/(-2)?
2, 3
Suppose 3*m - 4*t - 86 = 0, 2*t = -4*m + 6*t + 120. What are the prime factors of m?
2, 17
Let p = 68 - 31. What are the prime factors of p?
37
Suppose 4*o = -20, -o = -4*f - 6*o + 339. What are the prime factors of f?
7, 13
Let a be ((-35)/3)/(4/36). List the prime factors of 2/4 - a/14.
2
Let d = 26 - 4. List the prime factors of d.
2, 11
Let s = 10 - 13. List the prime factors of 17 + (s - -3) + 1.
2, 3
Let f = 934 - 605. List the prime factors of f.
7, 47
Let x be (-6)/(-1 + (2 - -1)). List the prime factors of x*1/(-3)*13.
13
Let m(k) be the second derivative of k**5/20 + k**4/2 - 3*k**3/2 - k**2 + 2*k. What are the prime factors of m(-7)?
2, 3
Let v = 43 + -31. What are the prime factors of v?
2, 3
Let i(s) = -s**2 - 11*s - 2. Let j be i(-8). Let c be (-93)/(-33) - (-4)/j. Suppose -3*q = -v + 5, 4*q = 9 + c. List the prime factors of v.
2, 7
Suppose 9 = 4*x - 7, -2*h = 5*x - 268. What are the prime factors of h?
2, 31
Suppose 3*j - 25 = -88. Let m = 31 + j. List the prime factors of m.
2, 5
Let o(b) = -6*b - 7. Let n(z) = -18*z - 20. Let j(l) = 6*n(l) - 17*o(l). Let c be j(-1). Let a = -3 + c. What are the prime factors of a?
2
Let v = 58 + -20. Suppose -3*w - 5*c = -v, -w - 2*w + 10 = -2*c. List the prime factors of w.
2, 3
Let k(y) = -y + 27. Let m be k(0). List the prime factors of ((-225)/m)/(2/(-6)).
5
Let p = -3 - -19. Suppose -10 = -2*a + p. What are the prime factors of a?
13
Suppose 4*n + 4 = -2*s, s 